{"id":572,"date":"2023-10-31T19:26:57","date_gmt":"2023-10-31T22:26:57","guid":{"rendered":"https:\/\/associacaoabrafe.com.br\/?page_id=572"},"modified":"2024-04-24T10:35:49","modified_gmt":"2024-04-24T13:35:49","slug":"contribuicoes-do-setor","status":"publish","type":"page","link":"https:\/\/associacaoabrafe.com.br\/?page_id=572","title":{"rendered":"Contribui\u00e7\u00f5es do Setor"},"content":{"rendered":"\t\t<div data-elementor-type=\"wp-page\" data-elementor-id=\"572\" class=\"elementor elementor-572\" data-elementor-post-type=\"page\">\n\t\t\t\t<div class=\"elementor-element elementor-element-fa01e2b e-flex e-con-boxed e-con e-parent\" data-id=\"fa01e2b\" data-element_type=\"container\">\n\t\t\t\t\t<div class=\"e-con-inner\">\n\t\t\t\t<div class=\"elementor-element elementor-element-6ddf03d elementor-widget elementor-widget-heading\" data-id=\"6ddf03d\" data-element_type=\"widget\" data-widget_type=\"heading.default\">\n\t\t\t\t<div class=\"elementor-widget-container\">\n\t\t\t<h2 class=\"elementor-heading-title elementor-size-default\"> Contribui\u00e7\u00f5es do  Setor<\/h2>\t\t<\/div>\n\t\t\t\t<\/div>\n\t\t\t\t\t<\/div>\n\t\t\t\t<\/div>\n\t\t<div class=\"elementor-element elementor-element-5f92988 e-con-full e-flex e-con e-parent\" data-id=\"5f92988\" data-element_type=\"container\" data-settings=\"{&quot;background_background&quot;:&quot;classic&quot;}\">\n\t\t<div class=\"elementor-element elementor-element-d280820 e-con-full e-flex e-con e-child\" data-id=\"d280820\" data-element_type=\"container\" data-settings=\"{&quot;background_background&quot;:&quot;classic&quot;}\">\n\t\t\t\t<div class=\"elementor-element elementor-element-a644ab9 elementor-widget elementor-widget-video\" data-id=\"a644ab9\" data-element_type=\"widget\" data-settings=\"{&quot;youtube_url&quot;:&quot;https:\\\/\\\/www.youtube.com\\\/watch?v=u0dypZ25khE&quot;,&quot;video_type&quot;:&quot;youtube&quot;,&quot;controls&quot;:&quot;yes&quot;}\" data-widget_type=\"video.default\">\n\t\t\t\t<div class=\"elementor-widget-container\">\n\t\t\t\t\t<div class=\"elementor-wrapper elementor-open-inline\">\n\t\t\t<div class=\"elementor-video\"><\/div>\t\t<\/div>\n\t\t\t\t<\/div>\n\t\t\t\t<\/div>\n\t\t\t\t<div class=\"elementor-element elementor-element-1679d57 elementor-widget elementor-widget-heading\" data-id=\"1679d57\" data-element_type=\"widget\" data-widget_type=\"heading.default\">\n\t\t\t\t<div class=\"elementor-widget-container\">\n\t\t\t<h2 class=\"elementor-heading-title elementor-size-default\"> CONTRIBUI\u00c7OES DO SETOR <\/h2>\t\t<\/div>\n\t\t\t\t<\/div>\n\t\t\t\t<div class=\"elementor-element elementor-element-43e84b5 elementor-widget elementor-widget-heading\" data-id=\"43e84b5\" data-element_type=\"widget\" data-widget_type=\"heading.default\">\n\t\t\t\t<div class=\"elementor-widget-container\">\n\t\t\t<h2 class=\"elementor-heading-title elementor-size-default\"><strong>    Balan\u00e7a <\/strong>\ncomercial brasileira<\/h2>\t\t<\/div>\n\t\t\t\t<\/div>\n\t\t\t\t<div class=\"elementor-element elementor-element-877d66f elementor-widget elementor-widget-text-editor\" data-id=\"877d66f\" data-element_type=\"widget\" data-widget_type=\"text-editor.default\">\n\t\t\t\t<div class=\"elementor-widget-container\">\n\t\t\t\t\t\t\t<p>O setor de ferroligas e de sil\u00edcio met\u00e1lico brasileiro \u00e9 totalmente globalizado e atende as mais exigentes normas de renomados institutos internacionais de auditoria e controle de qualidade. Suas exporta\u00e7\u00f5es equivalem a 65% das suas vendas totais.Se destaca como o 6\u00ba segmento mais superavit\u00e1rio dos \u00faltimos quatro anos, representando 7% da balan\u00e7a comercial, com exporta\u00e7\u00f5es que totalizam cerca de R$ 4,5 bilh\u00f5es\/ano. Como atende o mercado interno com seus produtos, evita importa\u00e7\u00f5es na ordem de R$ 2,2 bilh\u00f5es\/ano, reduz o custo de log\u00edstica e aumenta a competitividade da metalurgia e siderurgia brasileira.<\/p>\t\t\t\t\t\t<\/div>\n\t\t\t\t<\/div>\n\t\t\t\t<div class=\"elementor-element elementor-element-8ccf41d elementor-widget elementor-widget-heading\" data-id=\"8ccf41d\" data-element_type=\"widget\" data-widget_type=\"heading.default\">\n\t\t\t\t<div class=\"elementor-widget-container\">\n\t\t\t<h2 class=\"elementor-heading-title elementor-size-default\"><strong>Desenvolvimento <\/strong>\nindustrial brasileiro<\/h2>\t\t<\/div>\n\t\t\t\t<\/div>\n\t\t\t\t<div class=\"elementor-element elementor-element-c652feb elementor-widget elementor-widget-text-editor\" data-id=\"c652feb\" data-element_type=\"widget\" data-widget_type=\"text-editor.default\">\n\t\t\t\t<div class=\"elementor-widget-container\">\n\t\t\t\t\t\t\t<div id=\"page11\" class=\"box-infos\"><p>O setor de ferroligas e de sil\u00edcio met\u00e1lico brasileiro \u00e9 totalmente globalizado e atende as mais exigentes normas de renomados institutos internacionais de auditoria e controle de qualidade. Suas exporta\u00e7\u00f5es equivalem a 65% das suas vendas totais.<\/p><p>Se destaca como o 6\u00ba segmento mais superavit\u00e1rio dos \u00faltimos quatro anos, representando 7% da balan\u00e7a comercial,\u00a0com exporta\u00e7\u00f5es que totalizam cerca de R$ 4,5 bilh\u00f5es\/ano. Como atende o mercado interno com seus produtos, evita importa\u00e7\u00f5es na ordem de R$ 2,2 bilh\u00f5es\/ano, reduz o custo de log\u00edstica e aumenta a competitividade da metalurgia e siderurgia brasileira.<\/p><\/div>\t\t\t\t\t\t<\/div>\n\t\t\t\t<\/div>\n\t\t\t\t<div class=\"elementor-element elementor-element-2da8007 elementor-widget elementor-widget-heading\" data-id=\"2da8007\" data-element_type=\"widget\" data-widget_type=\"heading.default\">\n\t\t\t\t<div class=\"elementor-widget-container\">\n\t\t\t<h2 class=\"elementor-heading-title elementor-size-default\"><strong>Desenvolvimento <\/strong>\n Socioecon\u00f4mico<\/h2>\t\t<\/div>\n\t\t\t\t<\/div>\n\t\t\t\t<div class=\"elementor-element elementor-element-56d09f3 elementor-widget elementor-widget-text-editor\" data-id=\"56d09f3\" data-element_type=\"widget\" data-widget_type=\"text-editor.default\">\n\t\t\t\t<div class=\"elementor-widget-container\">\n\t\t\t\t\t\t\t<div id=\"page11\" class=\"box-infos\"><div id=\"page8\" class=\"box-infos\"><p>As associadas da ABRAFE tem papel fundamental no desenvolvimento socioecon\u00f4mico dos munic\u00edpios em que est\u00e3o instaladas. O faturamento do setor equivale aproximadamente a R$ 8 bilh\u00f5es\/ano o que representa em m\u00e9dia 34% do PIB regional. Estudos t\u00e9cnicos especializados confirmam que h\u00e1 um significativo\u00a0aumento do IDH nas localidades onde atuam as ind\u00fastrias do setor de ferroligas e de sil\u00edcio met\u00e1lico, pois geram renda, movimentam o consumo e investem no desenvolvimento e na melhoria da qualidade de vida de seus habitantes.<\/p><p>A arrecada\u00e7\u00e3o de impostos e tributos totaliza mais de R$ 1,4 bilh\u00e3o\/ano com gera\u00e7\u00e3o de mais de 60 mil empregos diretos e indiretos, o que representa em m\u00e9dia 42% da Popula\u00e7\u00e3o Economicamente Ativa \u2013 PEA das localidades onde as empresas est\u00e3o instaladas.<\/p><\/div><\/div>\t\t\t\t\t\t<\/div>\n\t\t\t\t<\/div>\n\t\t\t\t<\/div>\n\t\t\t\t<\/div>\n\t\t<div class=\"elementor-element elementor-element-3a2dc3e e-con-full e-flex e-con e-parent\" data-id=\"3a2dc3e\" data-element_type=\"container\" data-settings=\"{&quot;background_background&quot;:&quot;classic&quot;}\">\n\t\t<div class=\"elementor-element elementor-element-5137dfa e-con-full e-flex e-con e-child\" data-id=\"5137dfa\" data-element_type=\"container\" data-settings=\"{&quot;background_background&quot;:&quot;classic&quot;}\">\n\t\t\t\t<div class=\"elementor-element elementor-element-387e769 elementor-widget elementor-widget-heading\" data-id=\"387e769\" data-element_type=\"widget\" data-widget_type=\"heading.default\">\n\t\t\t\t<div class=\"elementor-widget-container\">\n\t\t\t<h2 class=\"elementor-heading-title elementor-size-default\">Energia<\/h2>\t\t<\/div>\n\t\t\t\t<\/div>\n\t\t\t\t<div class=\"elementor-element elementor-element-f2289b0 elementor-widget elementor-widget-text-editor\" data-id=\"f2289b0\" data-element_type=\"widget\" data-widget_type=\"text-editor.default\">\n\t\t\t\t<div class=\"elementor-widget-container\">\n\t\t\t\t\t\t\t<div id=\"page12\" class=\"box-infos\"><p>A energia el\u00e9trica \u00e9 um dos principais insumos do setor que \u00e9 caracterizado como eletro intensivo. Representa 4% do consumo industrial nacional de energia. As associadas da ABRAFE persistem em manter a competitividade em um mercado extremamente complexo, no qual o Brasil apresenta a maior tarifa de energia el\u00e9trica entre os 11 maiores produtores mundiais.<\/p><p>O setor consome anualmente o equivalente a 2% do consumo brasileiro. O seu consumo hist\u00f3rico j\u00e1 amortizou uma usina de gera\u00e7\u00e3o de energia de 1,1 GW. As associadas da ABRAFE consomem energia de forma consciente e flex\u00edvel colaborando com o sistema energ\u00e9tico brasileiro.<\/p><p>As empresas associadas da Abrafe s\u00e3o consumidoras conscientes e flex\u00edveis. De acordo com o planejamento ou com as solicita\u00e7\u00f5es das empresas geradoras e transmissoras de energia, as associadas regulam seu consumo, contribuindo diretamente para evitar algumas interrup\u00e7\u00f5es de fornecimento de energia em hospitais, escolas, e resid\u00eancias.<\/p><\/div>\t\t\t\t\t\t<\/div>\n\t\t\t\t<\/div>\n\t\t\t\t<div class=\"elementor-element elementor-element-bc16394 elementor-widget elementor-widget-heading\" data-id=\"bc16394\" data-element_type=\"widget\" data-widget_type=\"heading.default\">\n\t\t\t\t<div class=\"elementor-widget-container\">\n\t\t\t<h2 class=\"elementor-heading-title elementor-size-default\">Inova\u00e7\u00e3o, Ci\u00eancia e Tecnologia<\/h2>\t\t<\/div>\n\t\t\t\t<\/div>\n\t\t\t\t<div class=\"elementor-element elementor-element-e7a9c59 elementor-widget elementor-widget-text-editor\" data-id=\"e7a9c59\" data-element_type=\"widget\" data-widget_type=\"text-editor.default\">\n\t\t\t\t<div class=\"elementor-widget-container\">\n\t\t\t\t\t\t\t<p>O setor de ferroligas e de sil\u00edcio met\u00e1lico brasileiro \u00e9 totalmente globalizado e atende as mais exigentes normas de renomados institutos internacionais de auditoria e controle de qualidade, sendo assim, as associadas da ABRAFE investem constantemente em processos de inova\u00e7\u00e3o de toda sua cadeia produtiva.<\/p><p>Priorizam investimentos na capacita\u00e7\u00e3o e qualifica\u00e7\u00e3o cont\u00ednua de seus colaboradores (treinamentos, mestrados e doutorados).<\/p><p>Considerando o per\u00edodo de 2012 a 2014 \u00a0o setor contabiliza 55 registros de patentes.<\/p>\t\t\t\t\t\t<\/div>\n\t\t\t\t<\/div>\n\t\t\t\t<div class=\"elementor-element elementor-element-9df61a6 elementor-widget elementor-widget-heading\" data-id=\"9df61a6\" data-element_type=\"widget\" data-widget_type=\"heading.default\">\n\t\t\t\t<div class=\"elementor-widget-container\">\n\t\t\t<h2 class=\"elementor-heading-title elementor-size-default\">Responsabilidade social e ambiental<\/h2>\t\t<\/div>\n\t\t\t\t<\/div>\n\t\t\t\t<div class=\"elementor-element elementor-element-c4ca3f0 elementor-widget elementor-widget-text-editor\" data-id=\"c4ca3f0\" data-element_type=\"widget\" data-widget_type=\"text-editor.default\">\n\t\t\t\t<div class=\"elementor-widget-container\">\n\t\t\t\t\t\t\t<div id=\"page12\" class=\"box-infos\"><div id=\"page12\" class=\"box-infos\"><div id=\"page9\" class=\"box-infos\"><p>As associadas da ABRAFE investem em diversos programas e projetos sociais nas \u00e1reas de cultura, sa\u00fade, educa\u00e7\u00e3o, cidadania e lazer, beneficiando mais de 250 mil pessoas.<\/p><p>Na \u00e1rea ambiental s\u00e3o realizados investimentos em projetos de preserva\u00e7\u00e3o, reflorestamento, educa\u00e7\u00e3o ambiental, redu\u00e7\u00e3o e tratamento de efluentes e gest\u00e3o ambiental. As \u00e1reas de reflorestamento totalizam cerca de 170 mil hectares com 14% de replantio de novas \u00e1rvores\/ano.<\/p><p>Apresenta super\u00e1vit de mais de 800 mil toneladas de CO2\/ano, evitando a emiss\u00e3o que seria gerada por uma\u00a0cidade com 2 milh\u00f5es de habitantes.<\/p><p>Para maiores detalhes sobre os programas e projetos desenvolvidos, acesse o site das empresas associadas.<\/p><\/div><\/div><\/div>\t\t\t\t\t\t<\/div>\n\t\t\t\t<\/div>\n\t\t\t\t<\/div>\n\t\t\t\t<\/div>\n\t\t\t\t<\/div>\n\t\t","protected":false},"excerpt":{"rendered":"<p>Contribui\u00e7\u00f5es do Setor CONTRIBUI\u00c7OES DO SETOR Balan\u00e7a comercial brasileira O setor de ferroligas e de sil\u00edcio met\u00e1lico brasileiro \u00e9 totalmente globalizado e atende as mais exigentes normas de renomados institutos internacionais de auditoria e controle de qualidade. Suas exporta\u00e7\u00f5es equivalem a 65% das suas vendas totais.Se destaca como o 6\u00ba segmento mais superavit\u00e1rio dos \u00faltimos [&hellip;]<\/p>\n","protected":false},"author":1,"featured_media":0,"parent":0,"menu_order":0,"comment_status":"closed","ping_status":"closed","template":"elementor_header_footer","meta":{"footnotes":""},"_links":{"self":[{"href":"https:\/\/associacaoabrafe.com.br\/index.php?rest_route=\/wp\/v2\/pages\/572"}],"collection":[{"href":"https:\/\/associacaoabrafe.com.br\/index.php?rest_route=\/wp\/v2\/pages"}],"about":[{"href":"https:\/\/associacaoabrafe.com.br\/index.php?rest_route=\/wp\/v2\/types\/page"}],"author":[{"embeddable":true,"href":"https:\/\/associacaoabrafe.com.br\/index.php?rest_route=\/wp\/v2\/users\/1"}],"replies":[{"embeddable":true,"href":"https:\/\/associacaoabrafe.com.br\/index.php?rest_route=%2Fwp%2Fv2%2Fcomments&post=572"}],"version-history":[{"count":3,"href":"https:\/\/associacaoabrafe.com.br\/index.php?rest_route=\/wp\/v2\/pages\/572\/revisions"}],"predecessor-version":[{"id":1851,"href":"https:\/\/associacaoabrafe.com.br\/index.php?rest_route=\/wp\/v2\/pages\/572\/revisions\/1851"}],"wp:attachment":[{"href":"https:\/\/associacaoabrafe.com.br\/index.php?rest_route=%2Fwp%2Fv2%2Fmedia&parent=572"}],"curies":[{"name":"wp","href":"https:\/\/api.w.org\/{rel}","templated":true}]}}